. Let k be n(2). Suppose -4*o + k*j = 28, 2*o + j = 1 - 5. Let p = 10 + o. Let y(q) = 2*q - 9. Give y(p).
3
Suppose -i = -o - 77, -4*i - 3*o = -6*i + 156. Suppose -15 = 72*v - i*v. Let q(m) = -m**3 + 6*m**2 - 5*m - 7. Determine q(v).
-7
Let w(z) = 39*z**2 - 9 - 57*z**2 - z**3 - 5*z - 3 - 15 + 3*z. Calculate w(-18).
9
Let f(d) = d**2 - 2*d - 5. Let q(l) = 5*l**2 - 7*l - 20. Let c(o) = -9*f(o) + 2*q(o). What is c(-4)?
5
Let s be 759/88 - 4 - 6/(-16). Let h(o) = -8 - o + 0*o + 19. Give h(s).
6
Let l(j) be the second derivative of -j**5/60 + 7*j**4/24 + 13*j**3/6 + 7*j**2/2 + 19*j. Let c(o) be the first derivative of l(o). Calculate c(9).
-5
Let d be 0/1 + (-24)/3. Let f(r) = r**2 + 8*r - 2. Let b be f(d). Let g(v) = v - 1. Calculate g(b).
-3
Let x(u) be the second derivative of u**3/6 - 12*u**2 + 2*u - 4. What is x(17)?
-7
Suppose 4*c - 25 = -d, -9*d + 20 = 3*c - 7*d. Let g(u) = u - 9. Give g(c).
-3
Suppose -28*y + 25*y + 24 = 0. Let k(w) be the third derivative of -w**6/120 + 2*w**5/15 - w**4/12 + 5*w**3/3 - w**2. What is k(y)?
-6
Let k(u) = -u**3 - 6*u**2 - u + 8. Let o(t) = -6*t - 4. Let h be o(-1). Suppose h*v = -m - 9, -v - 3*v + m = 27. Calculate k(v).
14
Suppose -10*q - 36 = -14*q. Let a(z) = 2*z**3 - 5*z - 10 - q + z**2 + z + 16. What is a(-2)?
-7
Suppose 4*y = 5*y + 5. Let s(l) be the third derivative of -l**5/60 - 5*l**4/24 - l**3 + 62*l**2. Give s(y).
-6
Suppose -53*s = -43*s + 40. Let u(t) = -t**3 - 6*t**2 - t + 2. Calculate u(s).
-26
Let p(v) = 4 - 2*v + 0 - 3*v. Let u(d) = d**2 - 10*d + 13. Let b be u(9). Give p(b).
-16
Let s(h) = -1 - 8*h**2 + 25*h**2 + h - 15*h**2. Determine s(3).
20
Let q(b) = -5*b + b**2 - 5 + 9*b - 3*b. Let w(c) = -c**3 - 5*c**2 - 4*c - 4. Let h be w(-4). Determine q(h).
7
Suppose u = -2*u. Suppose m + u*m = 5*k + 32, -2*k + m = 14. Let g(n) = -990*n + n**2 + 498*n + 498*n - 2. Give g(k).
-2
Let a = -11 + 9. Let q(c) be the third derivative of c**6/60 + c**5/30 - 67*c**2. What is q(a)?
-8
Let n(t) = 2*t + 1. Let g(z) = -z - 14. Let i(s) = g(s) + n(s). What is i(8)?
-5
Suppose 403*b - 404*b = -1. Let o(y) = 33*y**2 - 1. Calculate o(b).
32
Let u(w) = w**3 + 4*w**2 + w + 8. Let t be u(-4). Let l(b) = -4*b**2 + 11. Let z(k) = 5*k**2 - 12. Let s(v) = t*l(v) + 3*z(v). Calculate s(0).
8
Suppose -5*i + 3*q = -9, 6*i - 2*i - 5*q = 2. Let c(m) = m**2 + 13*m - 24. Let d be c(-14). Let b = d + i. Let f(t) = 2*t + 8. Determine f(b).
-6
Let u(h) = -h**2 - 5*h - 2. Let k = 13 - 13. Suppose k = -6*i - 38 + 8. Determine u(i).
-2
Let n(y) be the first derivative of y**4/4 - 17*y**3/3 - 19*y**2/2 + 14*y - 861. Determine n(18).
-4
Let q be (42/(-56))/(9/24). Let z(f) = -2*f**3 - 4*f**2 - 3*f + 1. What is z(q)?
7
Let j be 2/5*(3 - (-144)/(-8)). Let n(d) = -d + 11. What is n(j)?
17
Let x(o) = -2*o**2 + 2 - o + 2 + 7*o**2 + o**2. Let k(y) = -5*y**2 - 3. Let a(h) = 7*k(h) + 6*x(h). Give a(6).
3
Let j(h) be the first derivative of h**5/12 + h**4/6 + h**3/2 + 21*h**2 - 10. Let i(s) be the second derivative of j(s). Determine i(-2).
15
Let c(w) = 2*w - 3. Let k(r) = -r - 1. Let u(t) = c(t) + 3*k(t). Let x be (4 - 6) + -1*7. Let i be x/(-6)*(-30)/(-9). Calculate u(i).
-11
Suppose 5 = -2*n + 17. Let l(z) = 7*z**2 + 2*z + 11. Let m(v) = v**2 - v + 1. Let k(q) = n*m(q) - l(q). Determine k(-6).
7
Suppose 29*i = -95 - 50. Let f(d) = -d**2 - 2*d + 14. Calculate f(i).
-1
Let u(j) = -j**3 - 6*j**2 + 2*j + 4. Suppose -i - 4*i = y - 63, 4*i + 5*y = 42. Suppose 1 = 2*k + i. Calculate u(k).
-8
Let i(a) = -a**2 + a - 16. Let t = 6 - 3. Let p(h) = h**2 - 5*h + 6. Let c be p(t). Determine i(c).
-16
Suppose 47 = 4*k + 11. Suppose -x + 0*x = k. Let y = x + 13. Let w(v) = -v**2 + 4*v - 3. What is w(y)?
-3
Suppose 2*m + 155 = -2*d + 3*d, 4*d = 20. Let w be m/(-30)*22/5. Let f(b) = -4*b - b - 11 + w - b**2. Determine f(-6).
-6
Let y(a) = a**3 + 6*a**2 - 4*a + 21. Let t be ((-2*35)/(-5))/(-1 - 1). Let h be y(t). Let q(d) = d. What is q(h)?
0
Let r be 8/(-24) - 14/(-6). Let w = -12 - -15. Let j(t) = 0*t - 9*t + 2*t + w + t. Give j(r).
-9
Let m(i) be the first derivative of -2*i**2 - 112. Determine m(-3).
12
Suppose -4*u + 19 = -b, -4*b - b + 55 = 5*u. Let v(d) = -2*d - 5. Give v(u).
-17
Let j(c) = 2*c + 2*c**2 + 5 - 8*c**3 - 2 - 33*c**3 - 1 + 21*c**3. What is j(-1)?
22
Let d(x) = -x**3 - 10*x**2 - 6*x + 18. Suppose -4*i = -u - 29, 2*i = 5*u - u + 46. What is d(u)?
-9
Let x(o) be the second derivative of o**5/20 - o**4/6 + o**3/3 + o**2 + 29*o - 8. Suppose 2*p + 12 = 6*p - 5*q, -3*p - 3*q = -9. What is x(p)?
17
Let s(z) = -z - 4. Suppose -h - 2*h = 15. Let r be s(h). Let w be (13 - 12)*(r + -1). Let a(m) = -m**3 + m - 7. What is a(w)?
-7
Let z(t) = -5*t**3 - 3*t**2 - 4*t + 4. Let k(j) = -j**3 - j**2 + 1. Let x(h) = 6*k(h) - z(h). Let g = 16483 - 16486. What is x(g)?
-10
Let r(t) = -3*t + 4. Let i be (-56)/20*(-55)/(-22). Determine r(i).
25
Let o(v) = -31*v**2 - 36*v**2 - 33*v**2 + 101*v**2 - 14 - 12*v - 3*v. Give o(11).
-58
Let v(c) = c**2 + 7*c + 8. Let r be v(-6). Let h(b) be the first derivative of -2*b**2 + 3*b + 710. Give h(r).
-5
Let x = 12 - 6. Let o(q) = -q**2 - 3*q - 3*q**2 + x - 2 + 3*q**2. Let s be ((-8)/(-16) - (-30)/(-4)) + 4. What is o(s)?
4
Let s = -367 - -363. Let w(a) = -a**3 - 4*a**2 - 2. What is w(s)?
-2
Suppose -4*k + 68*u = 72*u - 56, -3*k = -3*u - 24. Let l(c) = c - 13. What is l(k)?
-2
Let a(v) be the first derivative of -4*v**3 + v**2/2 - 1. Suppose -4*k + 32 = 28. Give a(k).
-11
Let f be 4/13*-6 + (-2)/13. Let c(p) = -p - 5. Determine c(f).
-3
Let h(t) = t**3 + 6*t**2 + 7*t + 4. Let m(d) = -d - 1. Let a be m(-7). Suppose x - a*x = 0. Suppose x = 3*n + 5*w + 32, 3*w + 0 - 4 = 4*n. Give h(n).
8
Let r(d) = d**3 - 5*d**2 - 4*d - 7. Let k be r(6). Suppose 12 = -4*u + 8*b - 3*b, 2*u - 5*b = -16. Let j(x) = x**2 - 4 + 6*x + 3*x**2 - k*x**u. What is j(6)?
-4
Let w = 501 - 495. Let v(i) = -i**3 + 5*i**2 + 8*i - 9. What is v(w)?
3
Let f(m) = -56 - 2*m - 54 - 55 + 163 + m. What is f(-7)?
5
Let l(u) = -8*u + 5. Let n(c) = 17*c - 9. Let p(g) = -5*l(g) - 3*n(g). Determine p(3).
-31
Suppose 0 = -8*z + 6*z + 30. Let t(d) = -d**2 + 15*d - 2. Give t(z).
-2
Let y(t) = -t + 9. Suppose d - 14 = -3*p, 2*p + 3*d - d - 8 = 0. Calculate y(p).
4
Let w(x) be the third derivative of 11*x**4/24 - 2*x**3/3 - 54*x**2 - 2. Give w(4).
40
Let u(o) be the third derivative of o**4/12 - o**3/3 + 7*o**2. Suppose 0 = 2*r - 5*h - 20, 2*h - 4*h = 4. Determine u(r).
8
Let j(i) be the first derivative of -4*i**2 + 1/3*i**3 + 9 - 5*i. What is j(4)?
-21
Suppose -3*m - 6 = -0*m. Let h(l) be the third derivative of -l**5/60 - l**4/24 + l**3/3 + 316*l**2. Calculate h(m).
0
Let k(g) = g + 5. Let r be 17/(-15) - (174/45 + -4). Let z be 5*r/(0 - -1). What is k(z)?
0
Let u = -15 - -17. Let h = u + 0. Let z(r) = r + 135*r**2 + 2 - 135*r**h + r**3. What is z(-2)?
-8
Suppose -v + 0 = 3. Let k(i) be the first derivative of -3*i + 3/2*i**2 - 2 + 1/3*i**3. What is k(v)?
-3
Let a(h) = h**3 - 4*h**2 - 5*h + 5. Suppose 6*w - 130 = -166. Let s = 248 + -168. Let o be s/(-24)*w/4. Calculate a(o).
5
Let i = -38 - -51. Suppose i = -4*j - 3. Let q(z) be the third derivative of z**4/12 + z**3 - z**2. Determine q(j).
-2
Let n be 3/((2/6)/(7/(-7))). Let h(a) = 4*a**2 + 10*a + 13. Let b(y) = 5*y**2 + 10*y + 14. Let u(q) = -3*b(q) + 4*h(q). Give u(n).
1
Let g(i) = 10 - 25 - 3*i + 8. Determine g(-3).
2
Let a = 7 + -4. Let c(z) = -2 + 4 + a - 2 + 8*z + z**2. Calculate c(-5).
-12
Let p(b) = -b**2 + 33*b - 9*b - 30*b + 2. Calculate p(-4).
10
Let y(u) = -3 + 2 - 1 - 6*u. Let f(v) = v**3 + 6*v**2 + v - 6. Let j be f(-5). Suppose j = 4*b - 3*z, -8*b + 18 = -4*b - 5*z. Calculate y(b).
-14
Suppose 5*i - 8 = 2, w + 7 = 4*i. Let a(c) = w - 2 - 2*c - c. Let g be (0 - -1)*174/(-87). Calculate a(g).
5
Let b(k) = -k**3 - 2*k**2 + 4*k - 1. Suppose 0 = -0*o + 4*o + 16. Let z be 2 + (-9)/(12/o). Let f = z - 9. Give b(f).
15
Suppose 3*o - 4 = 2. Let f(v) = 3*v**2 - 3*v**3 + 2 + 4*v**3 - v + 2*v**3 - 6*v**3. Calculate f(o).
-12
Let b(f) = 25*f**3 - f + 2. Let h be b(1). Let g = h - 31. Let r(z) = -z**3 - 4*z**2 + 6*z - 4. Determine r(g).
-9
Let p(u) = -u**2 - 2*u + 3. Suppose -4*g + 3*g = 6. Let j(o) = o**2 + o - 4. Let q(m) = g*p(m) - 5*j(m). Calculate q(-7).
2
Let l(j) = -3*j**3 - 2*j**2 + j - 1. Let c(t) = t**2 + 6*t -